ppose -2*j + 20 = -6*j. What is r(j)?
10
Let z(w) = 3*w**2 + w**2 - 2*w - 3*w**3 + 2 - w**2 - 2*w**2. Let x = -39 + 40. Let m be z(x). Let q(g) = g**2 + 2*g + 3. Give q(m).
3
Suppose 2 = -p + 2*w, -4*p = -2*p + 2*w - 8. Let z(r) = 3 - p*r**3 + 3*r + 3*r**3 + 0*r**3 + 5*r**2. Suppose 62*s = -116 - 194. Determine z(s).
-12
Let y(a) = a**3 - 10*a**2 + 6*a - 7. Let p(k) = -2*k**3 - 33*k**2 - 17*k - 7. Let u be p(-16). Determine y(u).
-34
Let c(y) = y**3 - 26*y**2 - 24*y - 69. Let l be c(27). Let g(b) = -b**2 + 11*b + 14. What is g(l)?
2
Suppose -3*p + 2 = v - 13, 4*v - 18 = 2*p. Let l be 20/30 - 28/v. Let o = l + 2. Let n(c) = 5*c + 2. Determine n(o).
-8
Let g(d) = -d**3 + 6*d**2 + 9*d - 8. Suppose 0 = l - 4*h - 22, -l + 0*h + 2 = h. Determine g(l).
46
Suppose -761*r + 764*r = -60. Let x(o) = o**3 + 22*o**2 + 40*o - 2. Determine x(r).
-2
Let p(n) = 7*n + 29. Let a(m) = 2*m + 3. Let f(c) = 4*a(c) - p(c). Determine f(3).
-14
Let p(a) be the third derivative of -2/3*a**3 - 1/60*a**5 + 0*a - 24*a**2 + 7/24*a**4 + 0. Determine p(5).
6
Suppose 3*m = 8*m + m. Let p(u) be the second derivative of 1/3*u**3 + 6*u - 1/2*u**2 + m. Determine p(-1).
-3
Let i(u) be the third derivative of -7*u**5/60 + u**4/24 + 15*u**2 + 2*u. Let s be 90/12 + 1/(-2). Suppose 3*r + m = -0*m - 8, 3*r - 2*m - s = 0. What is i(r)?
-8
Let o(h) = -h**2 + h + 1. Let s(m) = -18*m**2 + 3*m + 2. Let r(l) = -3*o(l) + s(l). Let t = -6754 - -6755. What is r(t)?
-16
Let t(h) = -h**3 + 9*h**2 + 1. Let u(w) = -w**3 + 10*w**2 - 3*w - 45. Let g be u(9). What is t(g)?
1
Let h(z) = 1 + 20*z**2 - 14*z**3 + 17*z**3 - 19*z**2 + 25*z**3 + z + z. Determine h(-1).
-28
Let n(c) = -c**3 - 11*c**2 - 9*c - 4. Let g = 152 + -162. Determine n(g).
-14
Suppose 40*n = 19*n + 189. Let y(x) = -x**2 + 10*x - 5. Give y(n).
4
Let h(g) = 2*g + 9 - 21 - 3 - 2. What is h(12)?
7
Let j(m) = -m + 2. Let s(g) = -g**3 - 10*g**2 - 10*g - 7. Let y be s(-9). Suppose 5*p - y = -17. Give j(p).
5
Let m(i) be the second derivative of -i**5/20 + 11*i**4/12 + 2*i**3 + 5*i**2 - 3*i + 297. Determine m(12).
10
Let x(s) = s**3 + 6*s**2 - 7*s - 3. Let t = -41 - -56. Suppose -3*v - 13 = -j - 5, -t = 3*v. Determine x(j).
-3
Let y(v) be the second derivative of v**3/2 + 35*v**2 + 347*v - 2. Determine y(-22).
4
Let j(i) = -i**3 + 1. Suppose -3*a = 5*n - 4*a - 41, 0 = 2*n + 2*a - 26. Let l be 3 + (1 - (3 - 1)). Suppose -l*s + n = m, 2*m - 1 = -2*m - s. Calculate j(m).
2
Let n(q) be the second derivative of -q**4/6 + q**3/3 - 7*q**2 - 19*q. Let p(d) be the first derivative of n(d). Determine p(-3).
14
Let v(a) = -2*a**2 + 10*a - 7. Let g(l) be the third derivative of -l**5/60 + 5*l**4/24 - 2*l**3/3 + 8*l**2. Let u(f) = 5*g(f) - 3*v(f). Determine u(2).
-5
Let h(v) = v**2 + v - 28. Let k be 0/((-9)/(-27)*6). Give h(k).
-28
Let b(u) = u**3 + 5*u**2 - 3*u + 6. Let a = -36 - -30. What is b(a)?
-12
Let g be (-353)/(-9) - (-2)/(-9). Let x be 3*g/26*(-2)/(-9). Let s(u) = 10*u - 1. Calculate s(x).
9
Let k(q) = 0*q**2 + 4 - 4*q**3 + 0*q**2 + q**2 + 3*q**3 - 8*q**2. Determine k(-7).
4
Let u(d) be the third derivative of d**6/120 - d**5/60 - d**4/8 - d**3/3 - 5*d**2 - 11. What is u(3)?
7
Let z(l) = 2*l**3 - l**2 - l + 4. Let w = -26 + 26. Let p be z(w). Let j(x) = -x**2 + 5*x + 2. Determine j(p).
6
Let x(i) = 6 + 9*i + 6*i**3 + i**3 - 11*i**2 - 6*i**3. Give x(10).
-4
Let r be -3 - ((-1134)/270 + 4/(-5)). Let x(h) be the third derivative of -1/12*h**4 + 1/6*h**3 + 6*h**r - 7/60*h**5 + 0 + 0*h. Calculate x(1).
-8
Let j be (10/3)/(8/12). Suppose 0 = j*a + 2 - 22. Let s(y) = y + 5*y - a*y - 2 + 8. Determine s(-5).
-4
Suppose 0 = -3*i - 6. Let z be (5 - (i - -4))*-2. Let f(a) = -a**2 - a. Let n(u) = 7*u**2 + 10*u - 8. Let r(k) = 6*f(k) + n(k). Give r(z).
4
Suppose -4*r = -5*q - 0*r + 27, 0 = 5*r + 15. Let k(w) = 4*w**2 + 31*w**3 - 13*w**q + 2*w - 15*w**3. What is k(-2)?
-12
Let d(v) = -v + 5. Let k be (-44)/(-10) - 4*(-1)/(-10). Give d(k).
1
Let s(h) = -h**2 + 1. Let a(x) = -13*x**2 - x + 6. Let p(c) = a(c) - 6*s(c). Suppose -4*k + 2 = -6*k. What is p(k)?
-6
Let o(u) = -3*u + 1. Let b be o(3). Let q(w) = 1 - 6*w - 323*w**2 + 6 - w**3 + 314*w**2. What is q(b)?
-9
Let r(t) = 46 + 15*t + 40 + t**3 - 105 - 2*t**2 - 6*t**2. What is r(6)?
-1
Let x(y) be the first derivative of 5/24*y**4 + 3/2*y**2 + 1/6*y**3 + 0*y - 6. Let i(j) be the second derivative of x(j). Determine i(-1).
-4
Let h(b) = 52 - 55 + 164*b**2 - 5*b - 169*b**2. Determine h(-1).
-3
Let b(n) = -12 + 14 + 2*n**2 + 2*n + 4*n. Calculate b(-4).
10
Let f(p) be the first derivative of p**4/4 + 5*p**3/3 + p**2/2 + 4*p + 107. Calculate f(-5).
-1
Let b(q) = 13*q - 78*q**3 + 51*q**3 + 28*q**3 - 23 - 12*q**2. Determine b(11).
-1
Suppose 0 = 2*x + r + 1, 0*r + 5 = r. Let d(u) = 2 - 4 + 3*u - 2*u + 2 - 4. What is d(x)?
-7
Let u be 3/((-21)/2)*(-11 + 4). Let c(d) = -21*d**3 - 5 + 5*d**3 + 6*d + 15*d**3 + 4*d**u. What is c(5)?
0
Suppose -3*l + 5 = -1. Let y(t) = 9 - 1 + 9*t - 2 + 3*t**2 - 2*t**l. What is y(-4)?
-14
Suppose 4*t = -6*r + r - 11, -t + 3*r - 7 = 0. Let g(z) = -z**3 + 0*z**3 + 5*z - z**2 + 5 + 2*z - z**2. Give g(t).
9
Let m be 3 + (1 - 4) + 0. Let u be m/2 - (2 + 2). Let o(b) = b**2 + 8*b. What is o(u)?
-16
Let h(i) = i - 10. Suppose 0 = 4*y - 22 + 130. Let t be (48/36)/((-2)/(-48)). Let b = t + y. Determine h(b).
-5
Let s(a) = a**3 - 5*a**2 - 4. Let v = 46 - 30. Suppose 2*j + 2*t = v, -4*t + 1 = -j - 6. What is s(j)?
-4
Let j(n) = -2*n + 10. Let z be j(3). Let h(w) = 4 + 4*w + 0*w - z*w + 2*w. Determine h(-3).
-2
Let t(v) = 2*v**2 + 4*v - 11. Let f(m) = -3*m**2 - 10*m + 22. Let z(q) = -3*f(q) - 5*t(q). Determine z(8).
5
Let d = 18 + -18. Let m(j) = j - j - j + d. Give m(0).
0
Let s(y) = -2*y**3 - 6*y**2 - 8*y + 12. Let d(b) = 3*b**3 + 6*b**2 + 7*b - 14. Let q(x) = 3*d(x) + 4*s(x). Give q(8).
46
Let t = -1 + 0. Let y = -33 + 35. Let l(n) = 5*n + 7*n - y*n + 1 - 4*n. What is l(t)?
-5
Suppose -4*n + 11 = -41. Suppose -n*g + 17*g = 36. Suppose -5*t - l + 3*l = 6, -3*l + g = -5*t. Let v(i) = i**3 - i**2 + i - 10. Determine v(t).
-10
Let y(f) be the third derivative of f**6/120 + 17*f**5/60 - f**4/12 - 8*f**3/3 - f**2 + 7. What is y(-17)?
18
Let q(h) = -14*h + 1. Let i(j) be the second derivative of -j**4/12 - j**3/2 - j**2/2 + 13*j. Let b be i(-3). Give q(b).
15
Let v(x) be the first derivative of -x**5/20 + x**4/3 - 2*x**3/3 + x**2/2 - 17*x - 17. Let o(k) be the first derivative of v(k). Calculate o(4).
-15
Suppose 48 = 4*q + 4. Suppose 4*c - 1 = q. Let h(m) be the first derivative of -m**3/3 + m**2/2 + m - 10. Give h(c).
-5
Let y(j) = 4*j + 30. Let k be y(-7). Suppose 4*h + 10 + k = 0. Let i(p) = -p**2 - 3*p - 1. What is i(h)?
-1
Let o(a) be the first derivative of -a**3/2 - a - 2. Let p(b) be the first derivative of o(b). Suppose 81*k = 61*k + 80. Determine p(k).
-12
Let h(n) = 9*n - 1. Suppose -20 = 5*s + 5. Let p be (-52)/s + (-10)/25. Let c(w) = w - 11. Let a be c(p). Determine h(a).
-10
Let t(r) be the third derivative of -r**5/60 + 13*r**4/24 - 13*r**3/6 + 2*r**2 - 125*r. Calculate t(13).
-13
Suppose -4*g + 27 = -2*d + 7, 2*g - 10 = 2*d. Let n = 1578 - 1575. Let f(x) = -g - x**3 + 12 - n*x - 12 + 6*x**2. What is f(4)?
15
Let w(s) be the first derivative of s**4/4 + s**3 - 3*s**2/2 + 5*s + 40. Calculate w(-5).
-30
Let k(m) be the second derivative of -m**3 + 4*m**2 - 1/20*m**5 + 7/12*m**4 + 0 + 22*m. Let i = -9 - -15. Determine k(i).
8
Suppose -5*c - f = -67 + 20, 0 = 4*c - 2*f - 32. Let a(j) = j**2 - 8*j. Calculate a(c).
9
Let c be (-42)/(-10) + -4 - (-90)/50. Let m(r) be the first derivative of 2*r**c - 2*r + 1/3*r**3 + 9. Give m(-6).
10
Let x(b) be the second derivative of b**4/6 - 3*b**3/2 - 4*b**2 - 28*b. What is x(7)?
27
Let o(a) = a**3 - 4*a**2 + 8*a - 16. Let g be o(3). Let n(b) = -2*b - 1 - 4*b**3 + b - b**3. Determine n(g).
5
Suppose 2*n - 48 = -0. Suppose 0*q + 3*q - n = 0. Let x(b) = b**3 - 9*b**2 + 9*b - 5. Give x(q).
3
Let s(p) = p**2 - 3*p + 1 - p + 0*p**2. Let d = -3206 + 3208. What is s(d)?
-3
Let c(u) = -u - 1. Let j(d) = d**3 + 10*d**2 + 17*d + 5. Let b(m) = 5*c(m) - j(m). Determine b(-7).
-3
Let d(b) = b**2 - 2*b + 0*b**2 + 5*b - 1 + 0*b**2 + b**2. What is d(-3)?
8
Let k be ((-2)/(16/(-102)))/(11/44). Let f = -51 + k. Let g(z) = z + 4. What is g(f)?
4
Let t(d) = -d**3 - 8*d**2 -